12221 = 0, u - 5549 = a. List the prime factors of u.
2, 3, 7, 11
Let v(o) = o**2 + 3*o. Let n be v(-2). List the prime factors of (-10)/15*-3 + (-78)/n.
41
Let c be 15/(-3)*(-3 + (-4 - 3)). Let s = -6 - 1. Let f = c - s. What are the prime factors of f?
3, 19
Let r = -4 + 4. Suppose r*s + 110 = -5*s. Let v = s - -35. List the prime factors of v.
13
Let q = -1271 - -3981. What are the prime factors of q?
2, 5, 271
What are the prime factors of (6928 - 48/8)/2?
3461
Suppose -j - 16 = -3*j. Let h = j + 2. Suppose -5*r + h*r - 105 = 0. List the prime factors of r.
3, 7
Let h(p) = -p - 1. Let g(w) = 25*w + 1. Let o(y) = -g(y) - 6*h(y). List the prime factors of o(-5).
2, 5
Suppose 2*q - 144 - 232 = 0. List the prime factors of q.
2, 47
Suppose 3*b - 78 = -0*b. Let k = -2 + b. Suppose -4*n + 4 = -3*i - 9, 4*i = -5*n + k. What are the prime factors of n?
2
Suppose 5*y + 11178 = 28*y. What are the prime factors of y?
2, 3
Let g(d) = -2*d + 20. Let c be g(10). Suppose 3*s = -c*s + 879. Suppose -s = -5*w - 48. List the prime factors of w.
7
Let q(k) = 4*k + 14. Let p be q(0). Let r(f) = 3*f**2 + 7 - 2*f**2 - 3 - 13*f. What are the prime factors of r(p)?
2, 3
Let g = -5 - -9. Let z(f) = f**2 - f - 3. What are the prime factors of z(g)?
3
Let o(j) = -2*j**3 - 12*j**2 - j + 21. Let b(p) = p**3 + 6*p**2 - 10. Let s(t) = -9*b(t) - 4*o(t). List the prime factors of s(-7).
3
Suppose -3*w + 283 = 4*x - 3*x, 2*x + 4*w = 574. List the prime factors of x.
5, 59
Suppose 2*c = -6*c + 2384. What are the prime factors of c?
2, 149
List the prime factors of (-118 - -85)*286/(-2).
3, 11, 13
Let u(n) = -16*n**3 + 3*n + 2. Let o(z) = -2*z - 1. Let l be o(0). Let y be u(l). Suppose s - y = 2*t + 31, 0 = -3*t. List the prime factors of s.
2, 23
Let c = 10456 + -6603. What are the prime factors of c?
3853
Suppose 3*r + 1166 = 5*x + 64, 2*x - 456 = 5*r. List the prime factors of x.
2, 109
Let n(q) = 6*q - 79. Let b = 115 + -89. What are the prime factors of n(b)?
7, 11
List the prime factors of (-1112)/(-14) + (-328)/(-574).
2, 5
Let x = -485 - -784. Suppose 10*s = 11*s - 3, 2*h + 5*s = x. List the prime factors of h.
2, 71
Let n(w) = 5*w**2 - 3*w - 2. Let t = 19 - 14. What are the prime factors of n(t)?
2, 3
Suppose 0 = -2*m - t - 245, 0*t - 607 = 5*m - 3*t. Let j = -48 - m. What are the prime factors of j?
2, 37
Suppose 5*f - 812 = 2*s, -f = 2*f - 5*s - 491. Suppose 2*o - 3*o + 84 = -4*u, -f = -2*o + 2*u. List the prime factors of o/(-30)*(-15)/2.
2, 5
Suppose -3*t + 2*f + 1188 = 0, -4*f + 72 = t - 310. What are the prime factors of t?
2, 197
Suppose 96 = f + 260. Let v = f + 239. What are the prime factors of v?
3, 5
Let i be -1 + 4 + 2 + -1. List the prime factors of (-3 + 10/i)/(3/(-168)).
2, 7
List the prime factors of (-16248)/(-10) - (96/20 + -5).
5, 13
Let l(t) = -t**3 + 4*t**2 - 4*t + 4. Suppose b - 6 = -10. What are the prime factors of l(b)?
2, 37
Let v(a) = -a**2 - 15*a + 3. Let r(z) = -3*z - 6. Let i be r(3). Let x be v(i). Suppose -2*d = x*d - 170. List the prime factors of d.
2, 17
Suppose 11*q + 15*q - 39442 = 0. What are the prime factors of q?
37, 41
Suppose 0 = 2*v + u - 1370, -5*u + 1364 = 2*v + 2. What are the prime factors of v?
2, 7
Suppose -5*t - l + 3099 = 0, 2*t - t = -5*l + 639. List the prime factors of t.
619
Suppose 0 = y - 0*y - 227. Suppose 6*f = y + 415. List the prime factors of f.
107
List the prime factors of 3 - ((-311)/4 - 1/4).
3
Let j = 5266 + -3149. List the prime factors of j.
29, 73
Suppose 3411 + 2437 = 2*b. What are the prime factors of b?
2, 17, 43
Suppose c + 4*f - 39 = -0*c, -165 = -5*c - 5*f. Let n = -4 - -6. Suppose -y = n*y + 2*h - c, 4*y - 23 = h. List the prime factors of y.
7
Suppose 4*i + 5 = -15. Let h = i - -9. Suppose -h*l = -47 - 33. List the prime factors of l.
2, 5
Let t(y) = 8*y**2 + 9*y. Let i(o) = -7*o**2 - 8*o. Let u(h) = -h - 11. Let z be u(-6). Let j(a) = z*i(a) - 4*t(a). List the prime factors of j(-4).
2
Let o(q) = 2227*q + 14. What are the prime factors of o(1)?
3, 83
Let u(k) = -k**3 - 12*k**2 - 22*k + 24. Let a(l) = -l**3 + 3*l**2 - 3*l - 1. Let f be a(3). List the prime factors of u(f).
2, 11
Let s(a) = a**3 + 9*a**2 - a + 19. Let n = -65 + 56. List the prime factors of s(n).
2, 7
Let s = 15 - 21. Let w be (s/7)/((-6)/28). Suppose 0 = 10*l - w*l - 216. What are the prime factors of l?
2, 3
Suppose 3*o - 3*h = -4*h + 2087, -3*h = 4*o - 2786. List the prime factors of o.
5, 139
Let t(p) = -66*p - 25. Let q be t(-7). Suppose 1570 + q = 9*c. What are the prime factors of c?
223
Suppose 4*g - 1575 = -5*t - 170, -t = 2*g - 275. What are the prime factors of t?
3, 5, 19
Let t(w) = -3*w + 73. Let i be t(18). Suppose 5*d - 44 = -i, 5*d = -3*u + 178. List the prime factors of u.
3, 17
Let h(u) = -35*u**2 + u + 3. Let a be h(-2). Let o = 215 + a. Suppose -4*i + 94 = -5*x, -3*i + x + 0*x = -o. List the prime factors of i.
2, 13
Suppose 3*b - 57 = -3*a, 0 = 4*a - 2*a + 3*b - 33. Suppose -a = -2*h + 14. What are the prime factors of h?
19
Suppose c - 5*c - 4 = 0. Let z(b) = -22*b + 5. Let f(x) = x - 1. Let r(j) = 3*f(j) + z(j). What are the prime factors of r(c)?
3, 7
Let q(u) = 3*u**2 - 14*u + 10. Let t = 92 - 98. What are the prime factors of q(t)?
2, 101
Let c be (36/20 + 0)*395. Suppose -y - c = -4*y. Suppose -4*v = -y + 13. List the prime factors of v.
2, 7
Let v(w) = -2*w + 7*w - 7*w. Let m(c) = 6*c + 4. Let y be m(-3). What are the prime factors of v(y)?
2, 7
Suppose -3981 = -9*t + 5721. What are the prime factors of t?
2, 7, 11
Let n(k) = -k**2 + 37*k - 38. Let t be n(31). Suppose -t = -2*u - 2*u. List the prime factors of u.
37
Let i = 9 + -5. Let h be (99/22 + -7)/((-5)/4). Suppose 0 = -i*s - 4*t + 244, 7*s - h*s - 4*t = 287. What are the prime factors of s?
59
Let a = 7 + -7. Suppose d + 0*d - 1 = a. What are the prime factors of (d + -2)/((-4)/64)?
2
Suppose -34*u + 90480 = -56944. What are the prime factors of u?
2, 271
Suppose -11*b + 14589 = 1202. What are the prime factors of b?
1217
Let i(g) = g**2 - 2*g - 2. Suppose -6 = 10*n - 11*n. Suppose -6*x - n = -3*x. What are the prime factors of i(x)?
2, 3
Let j = -2596 + 4465. What are the prime factors of j?
3, 7, 89
Let w = 504 + -357. Let z = w + 14. List the prime factors of z.
7, 23
Suppose -59*h + 71709 = -18*h. List the prime factors of h.
3, 11, 53
Let s be 3 - 1 - (-491 + 2). Let v = s + -283. Suppose 3*c - 3*z - 208 = -c, -4*c = -4*z - v. List the prime factors of c.
2, 13
Let d = 5 + -2. Let y(s) = 4*s - 775 + s**2 - 3*s + 779. List the prime factors of y(d).
2
What are the prime factors of 0 + 277/1 - 4?
3, 7, 13
Let d = 397 - -878. List the prime factors of d.
3, 5, 17
Let l be (30/8)/((-51)/1360). List the prime factors of (-827)/(-6) - (l/24 + 4).
2, 3, 23
Let h = 4745 - 2343. What are the prime factors of h?
2, 1201
Let d = 103 + -109. List the prime factors of (-31 - -25)*116/d.
2, 29
Let k(r) = -25*r + 40. What are the prime factors of k(-9)?
5, 53
Suppose i + 4*b = 109, 0 = -0*b + 2*b - 2. Let y = -46 + i. What are the prime factors of y?
59
Let u(q) = 40*q - 5. Suppose -2*f = 3*f + 20, 2*f = -4*h + 4. What are the prime factors of u(h)?
5, 23
Let j(t) = -32*t**2 - t + 6. Let s be j(-3). Let b be (30/9)/((-6)/s). Let i = b - 98. What are the prime factors of i?
3, 19
Let s be (-8)/28 + (-206)/14. Let q = -11 - s. Suppose q*k + 20 = 2*r, -2*r - 5*k + 125 = 3*r. What are the prime factors of r?
2, 5
Suppose -4*n = s - 13, 2*n - 5*s = -7*s + 14. What are the prime factors of (-11)/(n/3 + -1)?
3, 11
What are the prime factors of 122/((-35)/(-5) - 5)?
61
Suppose 8 = -4*k, -5*c + 2*k + 2385 = -3*k. List the prime factors of c.
5, 19
Let q be (92/69)/(1*1/(-3)). Let c(f) = -20 - 4*f + 40 - 15. What are the prime factors of c(q)?
3, 7
What are the prime factors of 3*(2/18)/((-14)/(-1806))?
43
Let w(q) = -q. Let u(a) = a**2 - 3*a - 1. Let f(d) = -u(d) + 3*w(d). Let h(r) = -7*r - 5. Let k(i) = -5*f(i) - h(i). List the prime factors of k(-3).
2, 3
Let k = 1081 + -764. List the prime factors of k.
317
Let s = -43 - -39. List the prime factors of (-9)/(-6) - 242/s.
2, 31
Suppose 0 = -0*s + 2*s + 6*s. Suppose -5*r + 215 = 3*z, 0*z + z = s. List the prime factors of r.
43
Let y be 12/(-9)*(-9)/6. Suppose -y*f - 14 = 5*d + 2, d = -2*f. List the pr